{"id":1276,"date":"2022-02-03T13:28:30","date_gmt":"2022-02-03T12:28:30","guid":{"rendered":"http:\/\/gwenaelmorin.fr\/?page_id=1276"},"modified":"2022-02-03T13:31:32","modified_gmt":"2022-02-03T12:31:32","slug":"iphigenie-chez-les-taures","status":"publish","type":"page","link":"https:\/\/theatrepermanent.fr\/index.php\/iphigenie-chez-les-taures\/","title":{"rendered":"IPHIG\u00c9NIE CHEZ LES TAURES"},"content":{"rendered":"<p>[et_pb_section fb_built=\u00a0\u00bb1&Prime; _builder_version=\u00a0\u00bb4.6.5&Prime; _module_preset=\u00a0\u00bbdefault\u00a0\u00bb][et_pb_row column_structure=\u00a0\u00bb2_5,3_5&Prime; _builder_version=\u00a0\u00bb4.6.5&Prime; _module_preset=\u00a0\u00bbdefault\u00a0\u00bb][et_pb_column type=\u00a0\u00bb2_5&Prime; _builder_version=\u00a0\u00bb4.6.5&Prime; _module_preset=\u00a0\u00bbdefault\u00a0\u00bb][et_pb_post_title meta=\u00a0\u00bboff\u00a0\u00bb featured_image=\u00a0\u00bboff\u00a0\u00bb _builder_version=\u00a0\u00bb4.6.5&Prime; _module_preset=\u00a0\u00bbdefault\u00a0\u00bb title_font=\u00a0\u00bb|||on|||||\u00a0\u00bb title_font_size=\u00a0\u00bb27px\u00a0\u00bb][\/et_pb_post_title][et_pb_text _builder_version=\u00a0\u00bb4.6.5&Prime; _module_preset=\u00a0\u00bbdefault\u00a0\u00bb hover_enabled=\u00a0\u00bb0&Prime; sticky_enabled=\u00a0\u00bb0&Prime;]<\/p>\n<p><span>d&rsquo;<\/span><strong>Eschyle<\/strong><\/p>\n<p><span>traduction\u00a0<\/span><strong>Ir\u00e8ne Bonnaud<\/strong><\/p>\n<p><span>mise en sc\u00e8ne\u00a0<\/span><strong>Gwena\u00ebl Morin<\/strong><br \/> <span>sc\u00e9nographie\u00a0<\/span><strong>Gwena\u00ebl Morin<\/strong><span>,\u00a0<\/span><strong>Analyvia Lagarde<\/strong><span>\u00a0<\/span><\/p>\n<p><span>construction d\u00e9cors\u00a0<\/span><strong>Antoine Briot<\/strong><span>,\u00a0<\/span><strong>Quentin Chambeaud<\/strong><span>,\u00a0<\/span><strong>Th\u00e9o Elia<\/strong><span>,\u00a0<\/span><strong>Jules Guittier<\/strong><span>,\u00a0<\/span><strong>Victor Hollebecq<\/strong><span>,\u00a0<\/span><strong>J\u00e9r\u00e9my Nicolas<\/strong><span>,\u00a0<\/span><strong>Thierry Perti\u00e8re<\/strong><\/p>\n<p>avec\u00a0<strong>Magali Bonat,\u00a0<\/strong><strong>Gael Baron,\u00a0<\/strong><strong>Laurent Ziserman,\u00a0<\/strong><strong>Fran\u00e7ois Gorrissen<\/strong>,\u00a0<strong>Barbara Jung,<\/strong><strong>\u00a0<\/strong><strong>Ulysse Pujo<\/strong><\/p>\n<p><span>choeur de femmes\u00a0<\/span><strong>Clothilde Aubert<\/strong><span>,\u00a0<\/span><strong>Laure Barida<\/strong><span>,\u00a0<\/span><strong>Jessica Deniaud<\/strong><span>,\u00a0<\/span><strong>C\u00e9cilia Gall\u00e9a<\/strong><span>,\u00a0<\/span><strong>Florence Girardon<\/strong><span>,\u00a0<\/span><strong>Nicole Mersey<\/strong><span>,\u00a0<\/span><strong>Nina Orengia<\/strong><span>,\u00a0<\/span><strong>Carmel Petit<\/strong><span>,\u00a0<\/span><strong>Elsa Rocher<\/strong><span>,\u00a0<\/span><strong>Judith Rutkowski<\/strong><span>,\u00a0<\/span><strong>Margot Segreto<\/strong><span>,\u00a0<\/span><strong>Maud Vandenbergue<\/strong><\/p>\n<p><span>choeur d&rsquo;hommes\u00a0<\/span><strong>Emile Bailly<\/strong><span>,\u00a0<\/span><strong>Jean-Charles Baravian<\/strong><span>,\u00a0<\/span><strong>Quentin Chambeaud<\/strong><span>,\u00a0<\/span><strong>Michael Comte<\/strong><span>,\u00a0<\/span><strong>Lucas Delesvaux<\/strong><span>,\u00a0<\/span><strong>Th\u00e9o Elia<\/strong><span>,\u00a0<\/span><strong>Fran\u00e7ois Gorrissen<\/strong><span>,\u00a0<\/span><strong>Jules Guittier<\/strong><span>,\u00a0<\/span><strong>Victor Hollebecq<\/strong><span>,\u00a0<\/span><strong>Amine Kidia<\/strong><span>,\u00a0<\/span><strong>Arthur Colombet<\/strong><span>,\u00a0<\/span><strong>Antoine Mazauric<\/strong><span>,\u00a0<\/span><strong>Julien Michel<\/strong><span>,\u00a0<\/span><strong>Ulysse Pujo<\/strong><span>,\u00a0<\/span><strong>Cl\u00e9ment S\u00e9guier-Faucher<\/strong><\/p>\n<p>cr\u00e9ation 2017<\/p>\n<p>[\/et_pb_text][\/et_pb_column][et_pb_column type=\u00a0\u00bb3_5&Prime; _builder_version=\u00a0\u00bb4.6.5&Prime; _module_preset=\u00a0\u00bbdefault\u00a0\u00bb][modula_gallery gallery_select=\u00a0\u00bb1265&Prime; _builder_version=\u00a0\u00bb4.6.5&Prime; _module_preset=\u00a0\u00bbdefault\u00a0\u00bb hover_enabled=\u00a0\u00bb0&Prime; sticky_enabled=\u00a0\u00bb0&Prime;][\/modula_gallery][\/et_pb_column][\/et_pb_row][\/et_pb_section]<\/p>\n","protected":false},"excerpt":{"rendered":"<p>[et_pb_section fb_built=\u00a0\u00bb1&Prime; _builder_version=\u00a0\u00bb4.6.5&Prime; _module_preset=\u00a0\u00bbdefault\u00a0\u00bb][et_pb_row column_structure=\u00a0\u00bb2_5,3_5&Prime; _builder_version=\u00a0\u00bb4.6.5&Prime; _module_preset=\u00a0\u00bbdefault\u00a0\u00bb][et_pb_column type=\u00a0\u00bb2_5&Prime; _builder_version=\u00a0\u00bb4.6.5&Prime; _module_preset=\u00a0\u00bbdefault\u00a0\u00bb][et_pb_post_title meta=\u00a0\u00bboff\u00a0\u00bb featured_image=\u00a0\u00bboff\u00a0\u00bb _builder_version=\u00a0\u00bb4.6.5&Prime; _module_preset=\u00a0\u00bbdefault\u00a0\u00bb title_font=\u00a0\u00bb|||on|||||\u00a0\u00bb title_font_size=\u00a0\u00bb27px\u00a0\u00bb][\/et_pb_post_title][et_pb_text _builder_version=\u00a0\u00bb4.6.5&Prime; _module_preset=\u00a0\u00bbdefault\u00a0\u00bb hover_enabled=\u00a0\u00bb0&Prime; sticky_enabled=\u00a0\u00bb0&Prime;] d&rsquo;Eschyle traduction\u00a0Ir\u00e8ne Bonnaud mise en sc\u00e8ne\u00a0Gwena\u00ebl Morin sc\u00e9nographie\u00a0Gwena\u00ebl Morin,\u00a0Analyvia Lagarde\u00a0 construction d\u00e9cors\u00a0Antoine Briot,\u00a0Quentin Chambeaud,\u00a0Th\u00e9o Elia,\u00a0Jules Guittier,\u00a0Victor Hollebecq,\u00a0J\u00e9r\u00e9my Nicolas,\u00a0Thierry Perti\u00e8re avec\u00a0Magali Bonat,\u00a0Gael Baron,\u00a0Laurent Ziserman,\u00a0Fran\u00e7ois Gorrissen,\u00a0Barbara Jung,\u00a0Ulysse Pujo choeur de femmes\u00a0Clothilde Aubert,\u00a0Laure Barida,\u00a0Jessica Deniaud,\u00a0C\u00e9cilia Gall\u00e9a,\u00a0Florence Girardon,\u00a0Nicole Mersey,\u00a0Nina [&hellip;]<\/p>\n","protected":false},"author":1,"featured_media":0,"parent":0,"menu_order":0,"comment_status":"closed","ping_status":"closed","template":"","meta":{"_et_pb_use_builder":"on","_et_pb_old_content":"","_et_gb_content_width":"","footnotes":""},"class_list":["post-1276","page","type-page","status-publish","hentry"],"yoast_head":"<!-- This site is optimized with the Yoast SEO plugin v19.13 - https:\/\/yoast.com\/wordpress\/plugins\/seo\/ -->\n<title>IPHIG\u00c9NIE CHEZ LES TAURES - Gwena\u00ebl Morin<\/title>\n<meta name=\"robots\" content=\"index, follow, max-snippet:-1, max-image-preview:large, max-video-preview:-1\" \/>\n<link rel=\"canonical\" href=\"https:\/\/theatrepermanent.fr\/index.php\/iphigenie-chez-les-taures\/\" \/>\n<meta property=\"og:locale\" content=\"fr_FR\" \/>\n<meta property=\"og:type\" content=\"article\" \/>\n<meta property=\"og:title\" content=\"IPHIG\u00c9NIE CHEZ LES TAURES - Gwena\u00ebl Morin\" \/>\n<meta property=\"og:description\" content=\"[et_pb_section fb_built=\u00a0\u00bb1&Prime; _builder_version=\u00a0\u00bb4.6.5&Prime; _module_preset=\u00a0\u00bbdefault\u00a0\u00bb][et_pb_row column_structure=\u00a0\u00bb2_5,3_5&Prime; _builder_version=\u00a0\u00bb4.6.5&Prime; _module_preset=\u00a0\u00bbdefault\u00a0\u00bb][et_pb_column type=\u00a0\u00bb2_5&Prime; _builder_version=\u00a0\u00bb4.6.5&Prime; _module_preset=\u00a0\u00bbdefault\u00a0\u00bb][et_pb_post_title meta=\u00a0\u00bboff\u00a0\u00bb featured_image=\u00a0\u00bboff\u00a0\u00bb _builder_version=\u00a0\u00bb4.6.5&Prime; _module_preset=\u00a0\u00bbdefault\u00a0\u00bb title_font=\u00a0\u00bb|||on|||||\u00a0\u00bb title_font_size=\u00a0\u00bb27px\u00a0\u00bb][\/et_pb_post_title][et_pb_text _builder_version=\u00a0\u00bb4.6.5&Prime; _module_preset=\u00a0\u00bbdefault\u00a0\u00bb hover_enabled=\u00a0\u00bb0&Prime; sticky_enabled=\u00a0\u00bb0&Prime;] d&rsquo;Eschyle traduction\u00a0Ir\u00e8ne Bonnaud mise en sc\u00e8ne\u00a0Gwena\u00ebl Morin sc\u00e9nographie\u00a0Gwena\u00ebl Morin,\u00a0Analyvia Lagarde\u00a0 construction d\u00e9cors\u00a0Antoine Briot,\u00a0Quentin Chambeaud,\u00a0Th\u00e9o Elia,\u00a0Jules Guittier,\u00a0Victor Hollebecq,\u00a0J\u00e9r\u00e9my Nicolas,\u00a0Thierry Perti\u00e8re avec\u00a0Magali Bonat,\u00a0Gael Baron,\u00a0Laurent Ziserman,\u00a0Fran\u00e7ois Gorrissen,\u00a0Barbara Jung,\u00a0Ulysse Pujo choeur de femmes\u00a0Clothilde Aubert,\u00a0Laure Barida,\u00a0Jessica Deniaud,\u00a0C\u00e9cilia Gall\u00e9a,\u00a0Florence Girardon,\u00a0Nicole Mersey,\u00a0Nina [&hellip;]\" \/>\n<meta property=\"og:url\" content=\"https:\/\/theatrepermanent.fr\/index.php\/iphigenie-chez-les-taures\/\" \/>\n<meta property=\"og:site_name\" content=\"Gwena\u00ebl Morin\" \/>\n<meta property=\"article:modified_time\" content=\"2022-02-03T12:31:32+00:00\" \/>\n<meta name=\"twitter:card\" content=\"summary_large_image\" \/>\n<meta name=\"twitter:label1\" content=\"Dur\u00e9e de lecture estim\u00e9e\" \/>\n\t<meta name=\"twitter:data1\" content=\"1 minute\" \/>\n<script type=\"application\/ld+json\" class=\"yoast-schema-graph\">{\"@context\":\"https:\/\/schema.org\",\"@graph\":[{\"@type\":\"WebPage\",\"@id\":\"https:\/\/theatrepermanent.fr\/index.php\/iphigenie-chez-les-taures\/\",\"url\":\"https:\/\/theatrepermanent.fr\/index.php\/iphigenie-chez-les-taures\/\",\"name\":\"IPHIG\u00c9NIE CHEZ LES TAURES - Gwena\u00ebl Morin\",\"isPartOf\":{\"@id\":\"https:\/\/theatrepermanent.fr\/#website\"},\"datePublished\":\"2022-02-03T12:28:30+00:00\",\"dateModified\":\"2022-02-03T12:31:32+00:00\",\"breadcrumb\":{\"@id\":\"https:\/\/theatrepermanent.fr\/index.php\/iphigenie-chez-les-taures\/#breadcrumb\"},\"inLanguage\":\"fr-FR\",\"potentialAction\":[{\"@type\":\"ReadAction\",\"target\":[\"https:\/\/theatrepermanent.fr\/index.php\/iphigenie-chez-les-taures\/\"]}]},{\"@type\":\"BreadcrumbList\",\"@id\":\"https:\/\/theatrepermanent.fr\/index.php\/iphigenie-chez-les-taures\/#breadcrumb\",\"itemListElement\":[{\"@type\":\"ListItem\",\"position\":1,\"name\":\"Accueil\",\"item\":\"https:\/\/theatrepermanent.fr\/\"},{\"@type\":\"ListItem\",\"position\":2,\"name\":\"IPHIG\u00c9NIE CHEZ LES TAURES\"}]},{\"@type\":\"WebSite\",\"@id\":\"https:\/\/theatrepermanent.fr\/#website\",\"url\":\"https:\/\/theatrepermanent.fr\/\",\"name\":\"Gwena\u00ebl Morin\",\"description\":\"SAS Th\u00e9\u00e2tre Permanent\",\"potentialAction\":[{\"@type\":\"SearchAction\",\"target\":{\"@type\":\"EntryPoint\",\"urlTemplate\":\"https:\/\/theatrepermanent.fr\/?s={search_term_string}\"},\"query-input\":\"required name=search_term_string\"}],\"inLanguage\":\"fr-FR\"}]}<\/script>\n<!-- \/ Yoast SEO plugin. -->","yoast_head_json":{"title":"IPHIG\u00c9NIE CHEZ LES TAURES - Gwena\u00ebl Morin","robots":{"index":"index","follow":"follow","max-snippet":"max-snippet:-1","max-image-preview":"max-image-preview:large","max-video-preview":"max-video-preview:-1"},"canonical":"https:\/\/theatrepermanent.fr\/index.php\/iphigenie-chez-les-taures\/","og_locale":"fr_FR","og_type":"article","og_title":"IPHIG\u00c9NIE CHEZ LES TAURES - Gwena\u00ebl Morin","og_description":"[et_pb_section fb_built=\u00a0\u00bb1&Prime; _builder_version=\u00a0\u00bb4.6.5&Prime; _module_preset=\u00a0\u00bbdefault\u00a0\u00bb][et_pb_row column_structure=\u00a0\u00bb2_5,3_5&Prime; _builder_version=\u00a0\u00bb4.6.5&Prime; _module_preset=\u00a0\u00bbdefault\u00a0\u00bb][et_pb_column type=\u00a0\u00bb2_5&Prime; _builder_version=\u00a0\u00bb4.6.5&Prime; _module_preset=\u00a0\u00bbdefault\u00a0\u00bb][et_pb_post_title meta=\u00a0\u00bboff\u00a0\u00bb featured_image=\u00a0\u00bboff\u00a0\u00bb _builder_version=\u00a0\u00bb4.6.5&Prime; _module_preset=\u00a0\u00bbdefault\u00a0\u00bb title_font=\u00a0\u00bb|||on|||||\u00a0\u00bb title_font_size=\u00a0\u00bb27px\u00a0\u00bb][\/et_pb_post_title][et_pb_text _builder_version=\u00a0\u00bb4.6.5&Prime; _module_preset=\u00a0\u00bbdefault\u00a0\u00bb hover_enabled=\u00a0\u00bb0&Prime; sticky_enabled=\u00a0\u00bb0&Prime;] d&rsquo;Eschyle traduction\u00a0Ir\u00e8ne Bonnaud mise en sc\u00e8ne\u00a0Gwena\u00ebl Morin sc\u00e9nographie\u00a0Gwena\u00ebl Morin,\u00a0Analyvia Lagarde\u00a0 construction d\u00e9cors\u00a0Antoine Briot,\u00a0Quentin Chambeaud,\u00a0Th\u00e9o Elia,\u00a0Jules Guittier,\u00a0Victor Hollebecq,\u00a0J\u00e9r\u00e9my Nicolas,\u00a0Thierry Perti\u00e8re avec\u00a0Magali Bonat,\u00a0Gael Baron,\u00a0Laurent Ziserman,\u00a0Fran\u00e7ois Gorrissen,\u00a0Barbara Jung,\u00a0Ulysse Pujo choeur de femmes\u00a0Clothilde Aubert,\u00a0Laure Barida,\u00a0Jessica Deniaud,\u00a0C\u00e9cilia Gall\u00e9a,\u00a0Florence Girardon,\u00a0Nicole Mersey,\u00a0Nina [&hellip;]","og_url":"https:\/\/theatrepermanent.fr\/index.php\/iphigenie-chez-les-taures\/","og_site_name":"Gwena\u00ebl Morin","article_modified_time":"2022-02-03T12:31:32+00:00","twitter_card":"summary_large_image","twitter_misc":{"Dur\u00e9e de lecture estim\u00e9e":"1 minute"},"schema":{"@context":"https:\/\/schema.org","@graph":[{"@type":"WebPage","@id":"https:\/\/theatrepermanent.fr\/index.php\/iphigenie-chez-les-taures\/","url":"https:\/\/theatrepermanent.fr\/index.php\/iphigenie-chez-les-taures\/","name":"IPHIG\u00c9NIE CHEZ LES TAURES - Gwena\u00ebl Morin","isPartOf":{"@id":"https:\/\/theatrepermanent.fr\/#website"},"datePublished":"2022-02-03T12:28:30+00:00","dateModified":"2022-02-03T12:31:32+00:00","breadcrumb":{"@id":"https:\/\/theatrepermanent.fr\/index.php\/iphigenie-chez-les-taures\/#breadcrumb"},"inLanguage":"fr-FR","potentialAction":[{"@type":"ReadAction","target":["https:\/\/theatrepermanent.fr\/index.php\/iphigenie-chez-les-taures\/"]}]},{"@type":"BreadcrumbList","@id":"https:\/\/theatrepermanent.fr\/index.php\/iphigenie-chez-les-taures\/#breadcrumb","itemListElement":[{"@type":"ListItem","position":1,"name":"Accueil","item":"https:\/\/theatrepermanent.fr\/"},{"@type":"ListItem","position":2,"name":"IPHIG\u00c9NIE CHEZ LES TAURES"}]},{"@type":"WebSite","@id":"https:\/\/theatrepermanent.fr\/#website","url":"https:\/\/theatrepermanent.fr\/","name":"Gwena\u00ebl Morin","description":"SAS Th\u00e9\u00e2tre Permanent","potentialAction":[{"@type":"SearchAction","target":{"@type":"EntryPoint","urlTemplate":"https:\/\/theatrepermanent.fr\/?s={search_term_string}"},"query-input":"required name=search_term_string"}],"inLanguage":"fr-FR"}]}},"_links":{"self":[{"href":"https:\/\/theatrepermanent.fr\/index.php\/wp-json\/wp\/v2\/pages\/1276","targetHints":{"allow":["GET"]}}],"collection":[{"href":"https:\/\/theatrepermanent.fr\/index.php\/wp-json\/wp\/v2\/pages"}],"about":[{"href":"https:\/\/theatrepermanent.fr\/index.php\/wp-json\/wp\/v2\/types\/page"}],"author":[{"embeddable":true,"href":"https:\/\/theatrepermanent.fr\/index.php\/wp-json\/wp\/v2\/users\/1"}],"replies":[{"embeddable":true,"href":"https:\/\/theatrepermanent.fr\/index.php\/wp-json\/wp\/v2\/comments?post=1276"}],"version-history":[{"count":3,"href":"https:\/\/theatrepermanent.fr\/index.php\/wp-json\/wp\/v2\/pages\/1276\/revisions"}],"predecessor-version":[{"id":1279,"href":"https:\/\/theatrepermanent.fr\/index.php\/wp-json\/wp\/v2\/pages\/1276\/revisions\/1279"}],"wp:attachment":[{"href":"https:\/\/theatrepermanent.fr\/index.php\/wp-json\/wp\/v2\/media?parent=1276"}],"curies":[{"name":"wp","href":"https:\/\/api.w.org\/{rel}","templated":true}]}}