{"id":669,"date":"2022-01-26T10:24:50","date_gmt":"2022-01-26T09:24:50","guid":{"rendered":"https:\/\/gwenaelmorin.fr\/?page_id=669"},"modified":"2022-02-21T11:04:38","modified_gmt":"2022-02-21T10:04:38","slug":"hernani","status":"publish","type":"page","link":"https:\/\/theatrepermanent.fr\/index.php\/hernani\/","title":{"rendered":"HERNANI"},"content":{"rendered":"<p>[et_pb_section fb_built=\u00a0\u00bb1&Prime; _builder_version=\u00a0\u00bb4.6.5&Prime; _module_preset=\u00a0\u00bbdefault\u00a0\u00bb][et_pb_row column_structure=\u00a0\u00bb2_5,3_5&Prime; _builder_version=\u00a0\u00bb4.6.5&Prime; _module_preset=\u00a0\u00bbdefault\u00a0\u00bb][et_pb_column type=\u00a0\u00bb2_5&Prime; _builder_version=\u00a0\u00bb4.6.5&Prime; _module_preset=\u00a0\u00bbdefault\u00a0\u00bb][et_pb_post_title meta=\u00a0\u00bboff\u00a0\u00bb featured_image=\u00a0\u00bboff\u00a0\u00bb _builder_version=\u00a0\u00bb4.6.5&Prime; _module_preset=\u00a0\u00bbdefault\u00a0\u00bb title_font=\u00a0\u00bb|||on|||||\u00a0\u00bb title_font_size=\u00a0\u00bb27px\u00a0\u00bb][\/et_pb_post_title][et_pb_text _builder_version=\u00a0\u00bb4.6.5&Prime; _module_preset=\u00a0\u00bbdefault\u00a0\u00bb]<\/p>\n<p><span>de\u00a0<\/span><strong>Victor Hugo<\/strong><\/p>\n<p><span>dans une mise en sc\u00e8ne de\u00a0<\/span><strong>Gwena\u00ebl Morin<\/strong><\/p>\n<p><span>avec\u00a0<\/span><strong>Ga\u00ebl Baron<\/strong><span>,\u00a0<\/span><strong>Florence Girardon<\/strong><span>,\u00a0<\/span><strong>Barbara Jung<\/strong><span>,\u00a0<\/span><strong>Ulysse Pujo,Michael Comte<\/strong><span>,\u00a0<\/span><strong>C\u00e9cilia Gallea<\/strong><span>,\u00a0<\/span><strong>Jules Guittier<\/strong><span>,\u00a0<\/span><strong>Amine Kidia<\/strong><span>,\u00a0<\/span><strong>Antoine Mazauric<\/strong><\/p>\n<p><span>et aussi en alternance\u00a0<\/span><strong>Emile Bailly<\/strong><span>,\u00a0<\/span><strong>Mathieu Besnier<\/strong><span>,\u00a0<\/span><strong>Johan Boutin<\/strong><span>,\u00a0<\/span><strong>Arthur Colombet<\/strong><span>,\u00a0<\/span><strong>Lucas Delesvaux<\/strong><span>,\u00a0<\/span><strong>Ewen Crovella<\/strong><span>,\u00a0<\/span><strong>Fran\u00e7ois Dodet<\/strong><span>,\u00a0<\/span><strong>Th\u00e9o Elia<\/strong><span>,\u00a0<\/span><strong>Arthur Fourcade<\/strong><span>,\u00a0<\/span><strong>Victor Hollebecq<\/strong><span>,\u00a0<\/span><strong>Jacques Ibranosyan<\/strong><span>,\u00a0<\/span><strong>J\u00e9r\u00f4me Lespinasse<\/strong><span>,\u00a0<\/span><strong>Morjane M&rsquo;harrack<\/strong><span>,\u00a0<\/span><strong>Benjamin Mayet<\/strong><span>,\u00a0<\/span><strong>Benoit Martin<\/strong><span>,\u00a0<\/span><strong>Syvain Menges<\/strong><span>,\u00a0<\/span><strong>Julien Michel<\/strong><span>,\u00a0<\/span><strong>Romain Ozanon<\/strong><span>,\u00a0<\/span><strong>Guillaume Kervevan<\/strong><span>,\u00a0<\/span><strong>St\u00e9phane Rotenberg<\/strong><span>,\u00a0<\/span><strong>Leonard Stefanica<\/strong><span>,\u00a0<\/span><strong>Pierre Damien Traverso<\/strong><span>,\u00a0<\/span><strong>Thomas Tressy<\/strong><span>,\u00a0<\/span><strong>Antoine Truchi<\/strong><span>,\u00a0<\/span><strong>Jean-Christophe Vermot-Gauchy<\/strong><\/p>\n<p>cr\u00e9ation 2017<\/p>\n<p>[\/et_pb_text][\/et_pb_column][et_pb_column type=\u00a0\u00bb3_5&Prime; _builder_version=\u00a0\u00bb4.6.5&Prime; _module_preset=\u00a0\u00bbdefault\u00a0\u00bb][modula_gallery gallery_select=\u00a0\u00bb657&Prime; _builder_version=\u00a0\u00bb4.6.5&Prime; _module_preset=\u00a0\u00bbdefault\u00a0\u00bb][\/modula_gallery][\/et_pb_column][\/et_pb_row][\/et_pb_section]<\/p>\n","protected":false},"excerpt":{"rendered":"<p>[et_pb_section fb_built=\u00a0\u00bb1&Prime; _builder_version=\u00a0\u00bb4.6.5&Prime; _module_preset=\u00a0\u00bbdefault\u00a0\u00bb][et_pb_row column_structure=\u00a0\u00bb2_5,3_5&Prime; _builder_version=\u00a0\u00bb4.6.5&Prime; _module_preset=\u00a0\u00bbdefault\u00a0\u00bb][et_pb_column type=\u00a0\u00bb2_5&Prime; _builder_version=\u00a0\u00bb4.6.5&Prime; _module_preset=\u00a0\u00bbdefault\u00a0\u00bb][et_pb_post_title meta=\u00a0\u00bboff\u00a0\u00bb featured_image=\u00a0\u00bboff\u00a0\u00bb _builder_version=\u00a0\u00bb4.6.5&Prime; _module_preset=\u00a0\u00bbdefault\u00a0\u00bb title_font=\u00a0\u00bb|||on|||||\u00a0\u00bb title_font_size=\u00a0\u00bb27px\u00a0\u00bb][\/et_pb_post_title][et_pb_text _builder_version=\u00a0\u00bb4.6.5&Prime; _module_preset=\u00a0\u00bbdefault\u00a0\u00bb] de\u00a0Victor Hugo dans une mise en sc\u00e8ne de\u00a0Gwena\u00ebl Morin avec\u00a0Ga\u00ebl Baron,\u00a0Florence Girardon,\u00a0Barbara Jung,\u00a0Ulysse Pujo,Michael Comte,\u00a0C\u00e9cilia Gallea,\u00a0Jules Guittier,\u00a0Amine Kidia,\u00a0Antoine Mazauric et aussi en alternance\u00a0Emile Bailly,\u00a0Mathieu Besnier,\u00a0Johan Boutin,\u00a0Arthur Colombet,\u00a0Lucas Delesvaux,\u00a0Ewen Crovella,\u00a0Fran\u00e7ois Dodet,\u00a0Th\u00e9o Elia,\u00a0Arthur Fourcade,\u00a0Victor Hollebecq,\u00a0Jacques Ibranosyan,\u00a0J\u00e9r\u00f4me Lespinasse,\u00a0Morjane M&rsquo;harrack,\u00a0Benjamin Mayet,\u00a0Benoit [&hellip;]<\/p>\n","protected":false},"author":1,"featured_media":0,"parent":0,"menu_order":0,"comment_status":"closed","ping_status":"closed","template":"","meta":{"_et_pb_use_builder":"on","_et_pb_old_content":"","_et_gb_content_width":"","footnotes":""},"class_list":["post-669","page","type-page","status-publish","hentry"],"yoast_head":"<!-- This site is optimized with the Yoast SEO plugin v19.13 - https:\/\/yoast.com\/wordpress\/plugins\/seo\/ -->\n<title>HERNANI - Gwena\u00ebl Morin<\/title>\n<meta name=\"robots\" content=\"index, follow, max-snippet:-1, max-image-preview:large, max-video-preview:-1\" \/>\n<link rel=\"canonical\" href=\"https:\/\/theatrepermanent.fr\/index.php\/hernani\/\" \/>\n<meta property=\"og:locale\" content=\"fr_FR\" \/>\n<meta property=\"og:type\" content=\"article\" \/>\n<meta property=\"og:title\" content=\"HERNANI - Gwena\u00ebl Morin\" \/>\n<meta property=\"og:description\" content=\"[et_pb_section fb_built=\u00a0\u00bb1&Prime; _builder_version=\u00a0\u00bb4.6.5&Prime; _module_preset=\u00a0\u00bbdefault\u00a0\u00bb][et_pb_row column_structure=\u00a0\u00bb2_5,3_5&Prime; _builder_version=\u00a0\u00bb4.6.5&Prime; _module_preset=\u00a0\u00bbdefault\u00a0\u00bb][et_pb_column type=\u00a0\u00bb2_5&Prime; _builder_version=\u00a0\u00bb4.6.5&Prime; _module_preset=\u00a0\u00bbdefault\u00a0\u00bb][et_pb_post_title meta=\u00a0\u00bboff\u00a0\u00bb featured_image=\u00a0\u00bboff\u00a0\u00bb _builder_version=\u00a0\u00bb4.6.5&Prime; _module_preset=\u00a0\u00bbdefault\u00a0\u00bb title_font=\u00a0\u00bb|||on|||||\u00a0\u00bb title_font_size=\u00a0\u00bb27px\u00a0\u00bb][\/et_pb_post_title][et_pb_text _builder_version=\u00a0\u00bb4.6.5&Prime; _module_preset=\u00a0\u00bbdefault\u00a0\u00bb] de\u00a0Victor Hugo dans une mise en sc\u00e8ne de\u00a0Gwena\u00ebl Morin avec\u00a0Ga\u00ebl Baron,\u00a0Florence Girardon,\u00a0Barbara Jung,\u00a0Ulysse Pujo,Michael Comte,\u00a0C\u00e9cilia Gallea,\u00a0Jules Guittier,\u00a0Amine Kidia,\u00a0Antoine Mazauric et aussi en alternance\u00a0Emile Bailly,\u00a0Mathieu Besnier,\u00a0Johan Boutin,\u00a0Arthur Colombet,\u00a0Lucas Delesvaux,\u00a0Ewen Crovella,\u00a0Fran\u00e7ois Dodet,\u00a0Th\u00e9o Elia,\u00a0Arthur Fourcade,\u00a0Victor Hollebecq,\u00a0Jacques Ibranosyan,\u00a0J\u00e9r\u00f4me Lespinasse,\u00a0Morjane M&rsquo;harrack,\u00a0Benjamin Mayet,\u00a0Benoit [&hellip;]\" \/>\n<meta property=\"og:url\" content=\"https:\/\/theatrepermanent.fr\/index.php\/hernani\/\" \/>\n<meta property=\"og:site_name\" content=\"Gwena\u00ebl Morin\" \/>\n<meta property=\"article:modified_time\" content=\"2022-02-21T10:04:38+00:00\" \/>\n<meta name=\"twitter:card\" content=\"summary_large_image\" \/>\n<meta name=\"twitter:label1\" content=\"Dur\u00e9e de lecture estim\u00e9e\" \/>\n\t<meta name=\"twitter:data1\" content=\"1 minute\" \/>\n<script type=\"application\/ld+json\" class=\"yoast-schema-graph\">{\"@context\":\"https:\/\/schema.org\",\"@graph\":[{\"@type\":\"WebPage\",\"@id\":\"https:\/\/theatrepermanent.fr\/index.php\/hernani\/\",\"url\":\"https:\/\/theatrepermanent.fr\/index.php\/hernani\/\",\"name\":\"HERNANI - Gwena\u00ebl Morin\",\"isPartOf\":{\"@id\":\"https:\/\/theatrepermanent.fr\/#website\"},\"datePublished\":\"2022-01-26T09:24:50+00:00\",\"dateModified\":\"2022-02-21T10:04:38+00:00\",\"breadcrumb\":{\"@id\":\"https:\/\/theatrepermanent.fr\/index.php\/hernani\/#breadcrumb\"},\"inLanguage\":\"fr-FR\",\"potentialAction\":[{\"@type\":\"ReadAction\",\"target\":[\"https:\/\/theatrepermanent.fr\/index.php\/hernani\/\"]}]},{\"@type\":\"BreadcrumbList\",\"@id\":\"https:\/\/theatrepermanent.fr\/index.php\/hernani\/#breadcrumb\",\"itemListElement\":[{\"@type\":\"ListItem\",\"position\":1,\"name\":\"Accueil\",\"item\":\"https:\/\/theatrepermanent.fr\/\"},{\"@type\":\"ListItem\",\"position\":2,\"name\":\"HERNANI\"}]},{\"@type\":\"WebSite\",\"@id\":\"https:\/\/theatrepermanent.fr\/#website\",\"url\":\"https:\/\/theatrepermanent.fr\/\",\"name\":\"Gwena\u00ebl Morin\",\"description\":\"SAS Th\u00e9\u00e2tre Permanent\",\"potentialAction\":[{\"@type\":\"SearchAction\",\"target\":{\"@type\":\"EntryPoint\",\"urlTemplate\":\"https:\/\/theatrepermanent.fr\/?s={search_term_string}\"},\"query-input\":\"required name=search_term_string\"}],\"inLanguage\":\"fr-FR\"}]}<\/script>\n<!-- \/ Yoast SEO plugin. -->","yoast_head_json":{"title":"HERNANI - Gwena\u00ebl Morin","robots":{"index":"index","follow":"follow","max-snippet":"max-snippet:-1","max-image-preview":"max-image-preview:large","max-video-preview":"max-video-preview:-1"},"canonical":"https:\/\/theatrepermanent.fr\/index.php\/hernani\/","og_locale":"fr_FR","og_type":"article","og_title":"HERNANI - Gwena\u00ebl Morin","og_description":"[et_pb_section fb_built=\u00a0\u00bb1&Prime; _builder_version=\u00a0\u00bb4.6.5&Prime; _module_preset=\u00a0\u00bbdefault\u00a0\u00bb][et_pb_row column_structure=\u00a0\u00bb2_5,3_5&Prime; _builder_version=\u00a0\u00bb4.6.5&Prime; _module_preset=\u00a0\u00bbdefault\u00a0\u00bb][et_pb_column type=\u00a0\u00bb2_5&Prime; _builder_version=\u00a0\u00bb4.6.5&Prime; _module_preset=\u00a0\u00bbdefault\u00a0\u00bb][et_pb_post_title meta=\u00a0\u00bboff\u00a0\u00bb featured_image=\u00a0\u00bboff\u00a0\u00bb _builder_version=\u00a0\u00bb4.6.5&Prime; _module_preset=\u00a0\u00bbdefault\u00a0\u00bb title_font=\u00a0\u00bb|||on|||||\u00a0\u00bb title_font_size=\u00a0\u00bb27px\u00a0\u00bb][\/et_pb_post_title][et_pb_text _builder_version=\u00a0\u00bb4.6.5&Prime; _module_preset=\u00a0\u00bbdefault\u00a0\u00bb] de\u00a0Victor Hugo dans une mise en sc\u00e8ne de\u00a0Gwena\u00ebl Morin avec\u00a0Ga\u00ebl Baron,\u00a0Florence Girardon,\u00a0Barbara Jung,\u00a0Ulysse Pujo,Michael Comte,\u00a0C\u00e9cilia Gallea,\u00a0Jules Guittier,\u00a0Amine Kidia,\u00a0Antoine Mazauric et aussi en alternance\u00a0Emile Bailly,\u00a0Mathieu Besnier,\u00a0Johan Boutin,\u00a0Arthur Colombet,\u00a0Lucas Delesvaux,\u00a0Ewen Crovella,\u00a0Fran\u00e7ois Dodet,\u00a0Th\u00e9o Elia,\u00a0Arthur Fourcade,\u00a0Victor Hollebecq,\u00a0Jacques Ibranosyan,\u00a0J\u00e9r\u00f4me Lespinasse,\u00a0Morjane M&rsquo;harrack,\u00a0Benjamin Mayet,\u00a0Benoit [&hellip;]","og_url":"https:\/\/theatrepermanent.fr\/index.php\/hernani\/","og_site_name":"Gwena\u00ebl Morin","article_modified_time":"2022-02-21T10:04:38+00:00","twitter_card":"summary_large_image","twitter_misc":{"Dur\u00e9e de lecture estim\u00e9e":"1 minute"},"schema":{"@context":"https:\/\/schema.org","@graph":[{"@type":"WebPage","@id":"https:\/\/theatrepermanent.fr\/index.php\/hernani\/","url":"https:\/\/theatrepermanent.fr\/index.php\/hernani\/","name":"HERNANI - Gwena\u00ebl Morin","isPartOf":{"@id":"https:\/\/theatrepermanent.fr\/#website"},"datePublished":"2022-01-26T09:24:50+00:00","dateModified":"2022-02-21T10:04:38+00:00","breadcrumb":{"@id":"https:\/\/theatrepermanent.fr\/index.php\/hernani\/#breadcrumb"},"inLanguage":"fr-FR","potentialAction":[{"@type":"ReadAction","target":["https:\/\/theatrepermanent.fr\/index.php\/hernani\/"]}]},{"@type":"BreadcrumbList","@id":"https:\/\/theatrepermanent.fr\/index.php\/hernani\/#breadcrumb","itemListElement":[{"@type":"ListItem","position":1,"name":"Accueil","item":"https:\/\/theatrepermanent.fr\/"},{"@type":"ListItem","position":2,"name":"HERNANI"}]},{"@type":"WebSite","@id":"https:\/\/theatrepermanent.fr\/#website","url":"https:\/\/theatrepermanent.fr\/","name":"Gwena\u00ebl Morin","description":"SAS Th\u00e9\u00e2tre Permanent","potentialAction":[{"@type":"SearchAction","target":{"@type":"EntryPoint","urlTemplate":"https:\/\/theatrepermanent.fr\/?s={search_term_string}"},"query-input":"required name=search_term_string"}],"inLanguage":"fr-FR"}]}},"_links":{"self":[{"href":"https:\/\/theatrepermanent.fr\/index.php\/wp-json\/wp\/v2\/pages\/669","targetHints":{"allow":["GET"]}}],"collection":[{"href":"https:\/\/theatrepermanent.fr\/index.php\/wp-json\/wp\/v2\/pages"}],"about":[{"href":"https:\/\/theatrepermanent.fr\/index.php\/wp-json\/wp\/v2\/types\/page"}],"author":[{"embeddable":true,"href":"https:\/\/theatrepermanent.fr\/index.php\/wp-json\/wp\/v2\/users\/1"}],"replies":[{"embeddable":true,"href":"https:\/\/theatrepermanent.fr\/index.php\/wp-json\/wp\/v2\/comments?post=669"}],"version-history":[{"count":5,"href":"https:\/\/theatrepermanent.fr\/index.php\/wp-json\/wp\/v2\/pages\/669\/revisions"}],"predecessor-version":[{"id":1911,"href":"https:\/\/theatrepermanent.fr\/index.php\/wp-json\/wp\/v2\/pages\/669\/revisions\/1911"}],"wp:attachment":[{"href":"https:\/\/theatrepermanent.fr\/index.php\/wp-json\/wp\/v2\/media?parent=669"}],"curies":[{"name":"wp","href":"https:\/\/api.w.org\/{rel}","templated":true}]}}